Let i(y) = y**3 + 14*y**2 - 442*y - 6413. Determine i(-15).
-8
Let d(u) = -382*u**3 - u**2 + 3*u - 2. What is d(1)?
-382
Let p(v) = -87*v + 325. Calculate p(5).
-110
Let q(c) = -c**3 - 11*c**2 + 20*c + 59. What is q(-12)?
-37
Let w(s) = 282*s + 1144. Determine w(-4).
16
Let p(f) = -30*f**3 - 16*f**2 + 9*f + 6. What is p(-3)?
645
Let f(m) = m**2 + 383*m - 23593. Calculate f(54).
5
Let k(a) = -3*a**2 - 304*a - 3655. Give k(-14).
13
Let n(p) = p**2 + 78*p - 235. Determine n(3).
8
Let q(p) = 394*p + 9854. Give q(-25).
4
Let b(h) = 111*h + 220. Give b(1).
331
Let d(c) = -17*c + 1180. Determine d(69).
7
Let s(h) = h**3 + 10*h**2 - 23*h - 1. Determine s(-11).
131
Let t(c) = -5*c**2 - 14*c - 15. What is t(-1)?
-6
Let s(g) = 67*g - 739. What is s(11)?
-2
Let g(z) = z**3 - 154*z**2 - 949*z - 1761. Determine g(160).
-1
Let t(g) = 4*g**2 + 100*g - 6. Give t(-25).
-6
Let m(k) = 4*k + 76. Determine m(-10).
36
Let l(g) = 9*g + 189. Give l(-22).
-9
Let a(n) = -115*n + 4022. Give a(35).
-3
Let i(h) = -8*h + 249. What is i(25)?
49
Let j(x) = 8*x**2 + 51*x - 106. Give j(-8).
-2
Let i(p) = -p**3 + 12*p**2 - 26*p + 23. What is i(6)?
83
Let o(j) = j**3 + 26*j**2 - 12*j - 344. Determine o(-26).
-32
Let u(z) = -z**2 + 98*z + 2226. Give u(-21).
-273
Let f(l) = -56*l + 4525. Determine f(81).
-11
Let k(h) = -671*h + 3365. What is k(5)?
10
Let a(j) = j**3 - 3*j**2 - 25*j - 12. Calculate a(5).
-87
Let k(r) = -20*r + 187. Determine k(8).
27
Let v(d) = -373*d - 2202. What is v(-6)?
36
Let h(l) = 2*l**3 + l**2 - 4*l + 2. Determine h(4).
130
Let i(k) = -28*k + 94. What is i(6)?
-74
Let k(u) = -u**2 - 72*u - 961. Give k(-17).
-26
Let y(w) = 5*w**3 + 31*w**2 + 12*w + 30. Give y(-6).
-6
Let f(n) = -31*n - 89. Give f(3).
-182
Let z(k) = k**2 + 213*k - 2460. What is z(-224)?
4
Let b(c) = -22291*c - 22293. Calculate b(-1).
-2
Let x(z) = 22*z + 365. Determine x(-16).
13
Let m(v) = -3*v**2 + 48*v - 102. Calculate m(2).
-18
Let h(d) = -2*d**3 - 11*d**2 - 54*d - 377. Give h(-6).
-17
Let l(r) = -45*r - 140. What is l(-10)?
310
Let s(i) = 14*i + 33. Calculate s(-11).
-121
Let k(n) = n**3 - 24*n**2 - 47*n + 555. What is k(25)?
5
Let l(q) = -2*q**2 + 7*q - 52. Determine l(-6).
-166
Let w(g) = 2*g**3 + 297*g**2 - 2006*g + 1404. Give w(-155).
9
Let j(y) = y**3 - y**2 - 8*y + 21. Give j(0).
21
Let b(u) = -88*u**3 - 5*u**2 + u + 3. Calculate b(-1).
85
Let m(d) = 33*d + 1040. Determine m(-32).
-16
Let s(m) = -m**3 - 13*m**2 - 797*m - 9419. Give s(-12).
1
Let m(v) = 453*v + 11789. Determine m(-26).
11
Let d(m) = -4*m**3 - 10*m**2 - 4*m + 4. Determine d(2).
-76
Let z(s) = 2099*s + 41971. Calculate z(-20).
-9
Let g(o) = -13*o**2 + 15*o + 519. Determine g(7).
-13
Let c(i) = i**3 - 8*i**2 + 8*i + 11. Give c(5).
-24
Let p(l) = -l**3 + 1. Give p(2).
-7
Let r(a) = -2*a**2 - 13*a + 102. Give r(6).
-48
Let k(o) = 2*o**2 - 210*o + 2834. What is k(89)?
-14
Let h(y) = -y**3 - 28*y**2 + 96*y - 19. Calculate h(-31).
-112
Let k(x) = x**3 - x**2 + 11*x + 5. Determine k(-3).
-64
Let o(f) = 177*f - 534. Determine o(3).
-3
Let x(j) = j**3 + 6*j**2 - 535*j - 2172. Give x(-4).
0
Let w(g) = 2*g**2 + 168*g - 8344. Determine w(35).
-14
Let w(h) = 3*h**2 - 8*h + 9. Calculate w(3).
12
Let w(b) = -4*b**2 - 26*b - 202. Determine w(-6).
-190
Let h(s) = s**2 - 328*s - 1931. What is h(-6)?
73
Let v(n) = -n**3 - 134*n**2 - n + 167. Calculate v(0).
167
Let u(r) = -36*r + 263. Give u(-20).
983
Let j(u) = -u**3 + 59*u**2 - 205*u - 64. Calculate j(4).
-4
Let h(v) = -v**3 - 50*v**2 + 62*v + 557. Determine h(-51).
-4
Let t(c) = -3*c**3 + 7*c**2 + 16*c + 49. Determine t(5).
-71
Let b(q) = -4*q**2 - 9*q - 16. Calculate b(-4).
-44
Let g(k) = -k**2 + 473*k + 2. What is g(0)?
2
Let j(o) = o**3 + 54*o**2 + 106*o + 132. What is j(-52)?
28
Let l(f) = f**3 + 12*f**2 + 36*f + 143. Determine l(-9).
62
Let x(z) = -6*z**2 - 141*z - 17. Calculate x(-26).
-407
Let v(m) = 2*m**2 - 77*m - 486. Determine v(44).
-2
Let v(f) = 27*f**2 + 162*f + 6. Calculate v(-6).
6
Let l(w) = 2*w**3 + 23*w**2 + 44*w + 34. Give l(-9).
43
Let q(m) = -m**3 - 34*m**2 + 66*m - 204. Calculate q(-36).
12
Let v(h) = -164*h + 2654. Give v(16).
30
Let o(g) = 29*g + 124. Determine o(6).
298
Let v(d) = d**2 - 99*d + 726. Give v(91).
-2
Let v(b) = b**3 - 18*b**2 - b + 32. Give v(18).
14
Let r(p) = 6*p**2 - 11*p - 57. Determine r(-5).
148
Let q(k) = -3*k - 84. Calculate q(-26).
-6
Let h(u) = 9*u**2 - 72*u + 69. What is h(1)?
6
Let j(b) = -108*b + 221. Determine j(2).
5
Let x(y) = -31*y + 289. What is x(4)?
165
Let r(l) = 14*l**3 + 6*l**2 + 8*l + 3. Give r(-2).
-101
Let b(q) = -q**3 + 33*q**2 + 924*q - 314. Calculate b(51).
-8
Let k(f) = -2*f**3 + 120*f**2 - 356*f + 21357. Calculate k(60).
-3
Let a(b) = -397*b + 3961. Calculate a(10).
-9
Let o(c) = 99*c**3 + 4*c**2 - c - 1. Give o(1).
101
Let h(n) = -n**3 - 51*n**2 - 189*n - 77. Give h(-47).
-30
Let j(v) = -v**3 + 10*v**2 - 52*v + 59. Determine j(5).
-76
Let z(j) = -j**3 - 20*j**2 + 19*j - 13. Calculate z(-21).
29
Let s(h) = 561*h - 551. Calculate s(1).
10
Let t(r) = 6*r**3 - 67*r**2 - 38*r + 527. Give t(11).
-12
Let g(n) = -2*n**2 + 13*n + 92. Determine g(11).
-7
Let p(o) = -o - 13. Calculate p(-2).
-11
Let y(v) = 16*v**2 - 15*v - 17. Determine y(-1).
14
Let t(v) = -86*v + 105. Determine t(0).
105
Let d(k) = 87*k - 2836. Give d(32).
-52
Let a(i) = 2*i**3 + 57*i**2 + 30*i + 66. Give a(-28).
10
Let l(x) = -3*x**2 - 8*x + 497. Calculate l(13).
-114
Let x(n) = -25*n**2 - 506*n - 126. What is x(-20)?
-6
Let q(p) = -3*p + 156. Give q(37).
45
Let x(f) = f**3 - 3*f**2 - 74*f - 28. Calculate x(-7).
0
Let d(y) = 12*y**3 + 9*y**2 + 14*y + 11. Give d(-2).
-77
Let j(t) = 31*t - 741. Give j(31).
220
Let h(v) = -v**3 - 18*v**2 + 42*v + 47. Determine h(-20).
7
Let a(z) = -z**2 + 217*z - 1. What is a(0)?
-1
Let n(c) = 16*c**2 - 204*c - 537. Calculate n(15).
3
Let z(n) = -n**2 - 22*n + 64. Give z(-20).
104
Let j(h) = -h**2 + 561*h + 2252. Calculate j(-4).
-8
Let s(l) = l**2 - 198*l + 972. Calculate s(5).
7
Let s(n) = -n**3 + 170*n**2 - 6970*n + 126. Calculate s(101).
25
Let u(l) = 60*l**3 + 132*l**2 - 8*l - 6. Calculate u(-1).
74
Let z(x) = -48*x - 482. Determine z(-6).
-194
Let b(j) = -18*j - 802. What is b(-38)?
-118
Let h(z) = 2*z**3 + 7*z**2 - 5*z - 33. Determine h(-5).
-83
Let v(z) = 2154*z - 86190. What is v(40)?
-30
Let d(w) = -2*w**2 + 18*w + 70. Determine d(12).
-2
Let z(k) = 224*k + 159. Calculate z(-5).
-961
Let f(u) = -u**3 + 17*u**2 + 38*u + 25. Calculate f(19).
25
Let i(l) = -138*l**3 - l**2 + 76*l + 77. What is i(-1)?
138
Let u(a) = -2*a**2 + 83*a - 32. What is u(37)?
301
Let s(b) = -75*b**3 - 8*b**2 - 12*b - 2. Determine s(-2).
590
Let n(x) = 2*x**2 + 155*x - 2260. Calculate n(13).
93
Let f(z) = -z**3 + 6*z**2 - 6*z + 18. Determine f(5).
13
Let p(u) = 68*u - 2102. Give p(31).
6
Let q(a) = -80*a - 429. Calculate q(-7).
131
Let w(q) = -5*q - 33. Determine w(-12).
27
Let b(s) = -71*s - 5958. Calculate b(-84).
6
Let a(u) = 250*u - 1182. Give a(5).
68
Let z(q) = -398*q + 2787. Calculate z(7).
1
Let p(x) = x**2 + 28*x + 163. What is p(-14)?
-33
Let w(l) = -l**3 - 8*l**2 - 4*l - 25. What is w(-8)?
7
Let n(w) = w**2 + 99*w + 540. Determine n(-6).
-18
Let t(d) = d**3 + 37*d**2 - 8030*d + 3. Calculate t(-110).
3
Let c(p) = -26*p - 177. Calculate c(-10).
83
Let d(i) = -22*i + 432. Give d(13).
146
Let c(a) = -89*a - 26. Give c(0).
-26
Let v(h) = h**3 + h**2 - 25*h + 734. Give v(0).
734
Let v(m) = m**2 + 72*m + 575. Calculate v(-63).
8
Let y(d) = -963*d - 19272. What is y(-20)?
-12
Let w(j) = -6*j**3 + 288*j**2 + 7*j - 343. Give w(48).
-7
Let z(b) = -3*b**3 + 67*b**2 + 44*b + 61. What is z(23)?
15
Let o(s) = -s**2 + 14*s + 97. Calculate o(-11).
-178
Let l(g) = 5*g**3 + 14*g**2 + 3*g + 4. Calculate l(-3).
-14
Let v(j) = -j**2 - 155*j - 4370. Give v(-37).
-4
Let k(c) = -9064*c + 63447. Determine k(7).
-1
Let o(w) = w**3 - 20*w**2 - 33*w + 68. What is o(20)?
-592
Let w(p) = -122*p + 12948. Give w(107).
-106
Let n(u) = -2*u**2 + 31*u - 79. Determine n(11).
20
Let f(m) = -3*m**2 - 19*m + 436. What is f(9)?
22
Let m(z) = -2*z**2 + 5*z + 143. Give m(-11).
-154
Let v(m) = -36*m - 55. Determine v(-3).
53
Let f(s) = -3*s**2 - 27*s + 2. What is f(-8)?
26
Let p(c) = -c**3 + 10*c**2 + 64*c + 6. Calculate p(-4).
-26
Let a(v) = 113*v + 4534. Determine a(-4